et g be q(k). What are the prime factors of 2/g + 636/11?
2, 29
Suppose -4*d - 36 + 240 = 0. Suppose 0 = -3*h + d + 12. What are the prime factors of h?
3, 7
Let k(n) = -8*n - 7. Let s(f) = -f**2 - 9*f + 11. Let q be s(-9). Let v be k(q). Let o = v + 140. List the prime factors of o.
3, 5
Suppose 2*j - 3480 = -4*o, -2*o = -j + 4*o + 1780. What are the prime factors of j?
2, 5, 7
Let c(b) = 12*b + 8. Let i(s) = -s - 1. Let x(o) = -c(o) - 8*i(o). Suppose y + 4*z = -0*y + 10, -z + 5 = -y. List the prime factors of x(y).
2
Let r be -25*(-2)/40*28. Let w(k) = k**2 - k - 4. Let z be w(3). Suppose -z*j - 2*f + 70 = 0, 3*f + r = j + 6*f. List the prime factors of j.
5, 7
Let b be (6/18 - 1)/((-2)/3). Let k(a) = 132*a**3 + a**2 - 2. List the prime factors of k(b).
131
Let h = -30 - -36. Suppose h*n + 504 = 10*n. What are the prime factors of n?
2, 3, 7
Let c be (7 - 1) + 12 + -14. Let h = c + 44. What are the prime factors of h?
2, 3
Suppose q + 4*q = 0. Suppose 5*x + 0*x - 10 = q. Suppose x*c - 3*p - 49 = 0, -4*c + 55 = -5*p - 44. What are the prime factors of c?
2, 13
Let j be 1/((-18)/4)*-9. Let p(t) be the second derivative of 3*t**5/20 + t**4/6 - t**2 + t. What are the prime factors of p(j)?
2, 3, 5
Suppose -1085 = -o + 3*f, -5*f - 126 = -3*o + 3133. Suppose 4*y - o = 3*r, 2*y - 542 = -2*r + 3*r. List the prime factors of y.
269
Let q be (-14)/(-4)*(-44)/(-77). Suppose 2*c - 5*m = -0*m + 7, -27 = -3*c + q*m. List the prime factors of c.
11
Suppose 29*r = 23*r + 3642. What are the prime factors of r?
607
Suppose -36*t = -34*t - 910. List the prime factors of t.
5, 7, 13
Suppose -4*h = -1387 - 397. What are the prime factors of h?
2, 223
Let y = -31 + 2. Let n = 31 + y. Suppose -8 = -n*d, 26 + 15 = w + d. What are the prime factors of w?
37
Let t = -12 + 15. Let d be -1*(-6)/(-6)*(0 + -25). Suppose 0 = -5*k + d, 5*o + 0*k = -t*k + 175. List the prime factors of o.
2
Let c(u) = -u**3 - 31*u**2 - 224*u - 64. What are the prime factors of c(-28)?
2, 241
Suppose 3*l - 7*l - 16 = 0. Let x = -8 - -11. Let o = x - l. List the prime factors of o.
7
Let t(j) = -j**3 + 4*j**2 + j - 1. Let s be t(4). Suppose 6 = -s*g, -4*g - 16 = x - 76. What are the prime factors of x?
2, 17
Suppose 13*k - 3196 - 1237 = 0. List the prime factors of k.
11, 31
Suppose 9*k + 4 = 40. What are the prime factors of 3808/11 - k/22?
2, 173
Suppose -30*y = -50*y + 36580. List the prime factors of y.
31, 59
Suppose 0 = 7*v + 588 - 4347. What are the prime factors of v?
3, 179
Let b(u) = 15*u - 20. What are the prime factors of b(3)?
5
Suppose -12*k - 354 + 5814 = 0. List the prime factors of k.
5, 7, 13
Suppose 18929 = 19*w + 7339. List the prime factors of w.
2, 5, 61
Let g(n) = 0 + 1 + 2 + 2*n - 4*n. Let v be g(0). Suppose -v*f - 58 = -166. What are the prime factors of f?
2, 3
Suppose 6 = -q + 2*g, 2*g = q + 2*q + 14. Let l(o) = -24*o + 4. List the prime factors of l(q).
2, 5
Let x(c) = 2*c**2 - 6*c + 7. Let k be x(2). Suppose -5*d = 2*t - 523, k*d + 3*t = 44 + 277. What are the prime factors of d?
103
Suppose 0 = y - 3*y - 6. Let k be 5 + y/(-1 + 2). Suppose 2*n - d - 44 = -1, -k*n + 40 = 2*d. List the prime factors of n.
3, 7
Suppose 5*f = -3*m + 2*m + 61, 3*f + m - 37 = 0. Suppose 5*q + 2*i = 4*i + 272, -3*q + 4*i + 152 = 0. Let h = q - f. What are the prime factors of h?
2, 11
Let u = 8 + -3. Suppose -4*p - 4 = -4*r, -4*r = -u*p + 2 - 3. What are the prime factors of (42/(-15))/(r/(-10))?
7
Let r = -14 + -3. Let i = r - -27. Let v = i - -40. What are the prime factors of v?
2, 5
Let a = 8 + -6. Suppose v - d + 28 = -0*v, -a*d = 4*v + 112. Let g = -13 - v. What are the prime factors of g?
3, 5
Suppose f = -5*k + 42, 8*f + 51 = 4*k + 3*f. Suppose 0 = k*g - 14*g + 1045. What are the prime factors of g?
11, 19
Let m(x) = -2*x + 1. Let b be (38/6)/(6/(-36)). Let j be (57/b)/((-6)/(-32)). List the prime factors of m(j).
17
Let j(l) = -258*l**2 + 2*l. Let t be j(-1). Let a = -57 - t. What are the prime factors of a?
7, 29
List the prime factors of 4/(-14) + (36604/28 - -9).
2, 7, 47
Let c be (-3 + 0/7)*(-2 + 1). Let g(z) = 6*z**3 + z**2 - 3*z - 8. List the prime factors of g(c).
2, 7, 11
Let b(w) = w**3 + 9*w**2 - 21*w + 13. List the prime factors of b(-10).
3, 41
Let j be (148/(-14))/((-26)/91). Let w be 1 + (2 - (1 - 2)). Suppose -3*h - w*g = -5 - 13, -4*h - g = -j. What are the prime factors of h?
2, 5
Let n(t) = 147*t - 178. What are the prime factors of n(3)?
263
Suppose 2*y = -2*c - 24, -4*y - 2*c - 30 = 18. Let s be y/20 - 44/10. What are the prime factors of 8/(-20) - 107/s?
3, 7
Let x(u) be the first derivative of 3*u**3 + u**2 - 6*u + 5. List the prime factors of x(2).
2, 17
Suppose 249 = -23*z + 7471. What are the prime factors of z?
2, 157
Let q(h) = 25*h**2 + 12*h - h**3 - 36 - 23 - 7*h. What are the prime factors of q(25)?
2, 3, 11
Suppose 1550 = -0*s + 2*s. Suppose -11*b = -6*b - s. Suppose -4 = -u, -u = 5*g + 4*u - b. What are the prime factors of g?
3
Let w = 6294 + -4225. List the prime factors of w.
2069
Let j = -75 - -113. What are the prime factors of j?
2, 19
Let d be ((-3)/2)/((-3)/6). Let o(f) = f**3 - 4*f - 5. Let a be o(3). Suppose 4*h + 55 = 3*p, p = 4*h + a + d. What are the prime factors of p?
3, 7
Suppose 0 = 18*f - 16*f - 6. Let r be (-1)/3 + 73/3. Suppose s + 86 = 4*x, -r = 2*x - f*x - s. What are the prime factors of x?
2, 11
Let l be 0 + 2 + -15 + 3. Let c = l - -7. Let g(x) = 2*x**2 - 4*x - 2. List the prime factors of g(c).
2, 7
Let k = -8 - -15. Let t = 10 - k. Suppose 5*o + 5*s - 2*s = 56, -t*s = 9. What are the prime factors of o?
13
Let k = 4 - 1. Suppose 8 = 3*g - 4, 37 = q + k*g. What are the prime factors of (15/(-25))/((-1)/q)?
3, 5
Suppose -41602 = 3*z - 25*z. What are the prime factors of z?
31, 61
List the prime factors of (-15 + 9)/(1 - 3) + 314.
317
Suppose -5*r - 41 + 1 = 0. Let h = 50 + r. List the prime factors of h.
2, 3, 7
Suppose 0 = 2*n + 2*n. Suppose 3*t - 4*a + 11 = n, -5*t + a + 12 - 2 = 0. Suppose t*m = 5*u + 93, -m + 3*m + 3*u = 43. What are the prime factors of m?
2, 13
What are the prime factors of -8 + ((-4)/5)/(51/(-122910))?
2, 3, 5
Let k = -54 - -56. List the prime factors of (-1)/((k/(-16))/1).
2
Let g = -166 - -305. Let x = -87 + g. What are the prime factors of x?
2, 13
Let m be 3/(-6)*-1*4. Let u = m + 0. Suppose 5*s = -h + 90, 3*s - u*h - 78 = -24. What are the prime factors of s?
2, 3
Let l = 622 - 93. List the prime factors of l.
23
Let f = -744 + 2375. What are the prime factors of f?
7, 233
Suppose -5*s - 48 = 17. Let c = s - -137. What are the prime factors of c?
2, 31
Let x(u) = u**2 + 20. Let y be x(0). Suppose 5*w - y = w. Suppose 0*v - 205 = -w*v. List the prime factors of v.
41
Let t = 2856 + -848. What are the prime factors of t?
2, 251
Suppose -3*k - 4 = -5*k. Suppose -5*p - 32 = -g, -p = p - k*g + 16. List the prime factors of -6*1*28/p.
2, 7
Suppose -21*o = -30*o + 15426. List the prime factors of o.
2, 857
Let d = 8 + -6. Suppose 0 = 2*p - 5*r - 73, 0*p = -p - d*r + 32. List the prime factors of p.
2, 17
Let h be ((-2)/5)/(2/(-5)) + -2. Let o(r) = -140*r**3 + 3*r + 2. List the prime factors of o(h).
139
Let v(g) be the second derivative of -5*g**3/6 + 2*g**2 - 13*g. List the prime factors of v(-3).
19
Let l be -1 + (2 - (2 - 3)). Suppose -136 = -l*v - 10. Suppose -d + v = g + 3*d, 2*g = 5*d + 100. What are the prime factors of g?
5, 11
Suppose -2*r - 12 = o + 86, 2*o = r + 44. What are the prime factors of (27/(-24))/(3/4)*r?
2, 3
Suppose 19*y - 3981 = 13822. What are the prime factors of y?
937
Let r = -34 + 42. List the prime factors of (-284)/(-16) + (-6)/r.
17
Suppose 3*m + 351 = 16*m. List the prime factors of m.
3
Let w be (-4)/(-1) + 1*-2. Let z be (w/3)/((-13)/(-78)). Suppose 0*l - z*l = -12. What are the prime factors of l?
3
Let x be (8 - 7) + 4*1. Suppose 4*w - m = 17, x*m + 25 = -0. Suppose -4*q - c = q - 149, 88 = w*q + 2*c. List the prime factors of q.
2, 3, 5
Let b(w) = 19*w**3 - 12*w**2 - 37*w - 52. Let f(u) = 5*u**3 - 3*u**2 - 9*u - 13. Let j(v) = 2*b(v) - 9*f(v). List the prime factors of j(-3).
2, 13
Let f(c) = -21*c + 26. Let x(o) = 7*o - 9. Let p(n) = -3*f(n) - 8*x(n). Let w(k) = k - 5. Let j be w(10). List the prime factors of p(j).
29
What are the prime factors of (8 + 175